3 = 2*y + 3*y + 2*h. What is the highest common divisor of y and 124?
31
Suppose -4*t + 500 = 2*n, 5*n = -2*t + 4*t - 262. Let x(h) = -157*h**2 + h - 6. Let g be x(2). Let o = 646 + g. What is the greatest common divisor of o and t?
14
Suppose 0 = 3*k + 4*x - 198, 4*k - 133 = 4*x + 131. Let f = 236 - 82. What is the highest common divisor of k and f?
22
Let g = -28969 - -30329. What is the greatest common divisor of 1496 and g?
136
Let t(a) = -90*a - 2279. Let q be t(-31). What is the highest common divisor of q and 7?
7
Let p(t) = 61*t + 328. Let o be p(-5). Suppose -18*d - 4400 = -o*d. What is the greatest common divisor of 55 and d?
55
Let r = -77 - -175. Let b = r - 75. Suppose -3*i = 5*x - b - 38, 3*x = -3*i + 51. What is the highest common factor of i and 12?
12
Let a(f) = -f**2 + 16*f + 5. Let t = -104 + 115. Let g be a(t). Suppose -4*v - g + 104 = 0. Calculate the highest common factor of 33 and v.
11
Let b be (-26)/52 - 37/(-2). What is the highest common factor of b and 1359?
9
Suppose 11*s - 373 = 562. Suppose 21*i = s*i - 25920. What is the highest common divisor of i and 81?
81
Let w(c) = c**2 + 142*c + 38. Let g be w(19). Calculate the greatest common divisor of g and 19.
19
Let l be (4 - 6)*(-15)/10. Suppose -y = -l*y - 10. Let p be (42/(-5))/(2/y). Calculate the greatest common divisor of 14 and p.
7
Let u = -1790 + 1874. Let f be 9/3 + 28/1. Let i = -17 + f. What is the greatest common factor of i and u?
14
Let h(f) = -f**3 - 11*f**2 + 5*f - 49. Suppose 0 = 4*y - 135 + 187. Let x be h(y). Calculate the highest common factor of x and 140.
28
Let a be 13312/112 - (-24)/(-28). Calculate the greatest common factor of 2537 and a.
59
Let m = -5833 - -6185. Suppose -2*b + 3*r = -2*r - 139, 0 = 4*b - r - 323. Let w = -50 + b. Calculate the greatest common factor of w and m.
32
Suppose 2*h = -3*p - p, 3*p = 2*h + 14. Let s be 170/34 + 1*-13*-13. Let n = s - 152. Calculate the highest common divisor of p and n.
2
Let i(j) = j**3 + 13*j**2 + 25*j - 3. Let d be i(-9). Suppose -3*z + 99 = 3*b, -5*b + 63 = 3*z - d. Calculate the highest common factor of 18 and b.
6
Let f = 44 + -28. Let q(z) = -4 + 8 + 8*z - f. Let l be q(2). What is the greatest common factor of l and 36?
4
Suppose -11 - 37 = -12*q. Let c(g) = g**2 - 4*g + 5. Let y be c(4). Suppose -3 + 1 = -i, y*m + q*i - 113 = 0. Calculate the greatest common factor of 168 and m.
21
Let o be (-30)/(-10) - (-4 - 202 - 5). What is the greatest common factor of 2 and o?
2
Suppose -4335 = -12*c - 4167. Let s(u) = -55*u**3 - u. Let m be s(-1). What is the highest common divisor of c and m?
14
Let c be 29 + (-2)/(4/8 + 0). Let f = c + 234. Calculate the greatest common divisor of 7 and f.
7
Suppose 10 = -3*x + n, n - 3 - 11 = 5*x. Let j = x + 0. Let w(t) = 4*t**2 - 3*t - 2. Let f be w(j). Calculate the highest common factor of f and 140.
20
Let m be -2 + 19 + 0 + 3. Suppose 0 = -l - m + 28. Suppose l*k + 10 = 18. Calculate the highest common factor of 7 and k.
1
Let b = -33 - -34. Suppose -b - 4 = -u. Let l = 25 - u. What is the greatest common factor of 2 and l?
2
Let d(u) = u**3 + 20 - 96125*u + 17*u**2 + 96125*u. Let o be d(-17). What is the greatest common factor of o and 40?
20
Let u be (4 - 2)*612/8. Let w be (-1 + (-1)/5)/(6/(-180)). What is the greatest common factor of u and w?
9
Let y be ((-30)/(-36)*(-294)/140)/((-1)/1460). Calculate the highest common divisor of y and 35.
35
Suppose -19*m + 464 + 2063 = 0. Calculate the greatest common factor of 76 and m.
19
Let r be 708/21 - 4/(-14). Let x be (-48)/32 + 861/14. Let q = x - r. Calculate the highest common factor of q and 234.
26
Suppose -j + 4*g = -739, 1201*j + 3*g + 2943 = 1205*j. Calculate the highest common factor of j and 588.
147
Suppose -s - 4*t + 21 = 3, 0 = 4*s - 2*t + 18. Let b be -48 - (4/(-16))/(s/16). Let x = -48 - b. What is the greatest common factor of x and 4?
2
Let s = 7 + 21. Let n = 30855 - 30043. What is the greatest common factor of s and n?
28
Let x = 967 + -996. Let n(t) = -t - 18. Let k be n(x). Calculate the highest common factor of 935 and k.
11
Suppose -i + 24 = 144. Let o = -60 - i. Suppose -10*f - o = -15*f. What is the highest common divisor of f and 12?
12
Let k = 587 - 502. Let y(q) = 2*q**2 - q - 2. Let u be y(-4). Calculate the greatest common factor of k and u.
17
Let u = 6633 + -6123. Calculate the greatest common factor of u and 2210.
170
Let v(t) = t + 6. Let k be v(17). Let w be 21/(-28) - k/(-4). Suppose 0 = -w*u - 5*u + 810. Calculate the highest common divisor of u and 54.
27
Suppose -i - 8*u + 3*u = -2500, 2*i - u = 5044. Suppose -y - 6*y + i = 0. Calculate the greatest common factor of 20 and y.
20
Suppose 12 = -31*i + 136. Suppose 5*l - 118 = i*p + 203, -l = 2*p - 67. What is the highest common factor of 26 and l?
13
Let q = -28 + 34. Suppose 0 = 11*f - q*f - 2730. Calculate the greatest common factor of f and 78.
78
Suppose -3*p - 5*g + 6*g = -133, g = -p + 51. Let b be p/3 + 1*(-2)/(-3). Let t = -13 + b. Calculate the highest common divisor of 5 and t.
1
Let m be (24 - (-594)/(-24)) + 94/8. Calculate the highest common factor of 4829 and m.
11
Suppose -11*d + 31*d - 1560 = 0. Calculate the highest common divisor of 286 and d.
26
Let z be (73/5)/1 - (-14)/35. What is the greatest common factor of z and 19605?
15
Let u = -8347 + 45509. What is the highest common factor of u and 34?
34
Suppose 8*d - 87 = 5*d. Suppose -4*v = -r + 14 + 30, -r + d = -v. Let c be (54/48)/((-9)/(-6))*r. What is the highest common factor of 9 and c?
9
Suppose 3*c + 2*b + 252 = 6*b, -b = -5*c - 420. Let o be 1*3/((-9)/c). Suppose 23*t + 175 = o*t. What is the highest common factor of t and 245?
35
Let k be 1 - 1 - 8/((-104)/63635). Calculate the greatest common divisor of 22 and k.
11
Let i be 9/(-15)*(-8 + 3). Let n be (1 - ((-18)/(-4) - i))*86. Let r = n - -48. Calculate the highest common factor of 60 and r.
5
Suppose -w + 98 = 14. Suppose 5*t - w = 36. Suppose t*l = 28*l - 148. What is the highest common divisor of l and 111?
37
Let c(p) = p**2 + 9*p + 10. Let o be c(-1). Suppose o*d - 8*z + 6*z = 300, -4*z = 4*d - 624. What is the greatest common factor of 102 and d?
51
Let z be (7 + -9)*2/4. Let u be (608/(-40))/(z*(-4)/(-10)). Suppose -8*w + 9*w - 53 = 5*o, -5*w - 4*o = -178. Calculate the greatest common divisor of w and u.
38
Let q = -312 + 314. Suppose 33 = q*d - 3. What is the greatest common factor of d and 27?
9
Let j be (-1)/(-3)*1*(92 - 53). Let q be ((-182)/4)/(4/(-8)). Calculate the greatest common factor of q and j.
13
Let p be (5/15)/(1/12). Suppose 0 = -4*i - p*m + 28, 0*m + 3*m = 9. Suppose -i*k = 6*k - 1980. Calculate the highest common divisor of 18 and k.
18
Suppose 140 = 2*x + 3*x. Suppose t = 3*k - 307, 5*t + 467 = 4*k + 65. Let g = k - 96. Calculate the highest common factor of x and g.
7
Let v(h) = 6*h + 84. Let r be v(-14). Let w be 1 + r/(-1*(-1 + -2)). What is the greatest common factor of w and 9?
1
Let x(k) = -k**3 + 8*k**2 - 4*k + 38. Let l be x(8). Let g(s) = s**2 - s + 24. Let z be g(l). Calculate the greatest common factor of 702 and z.
54
Let f = 64 + -13. Suppose -f - 204 = -5*j. Let v = j - 36. Calculate the greatest common divisor of 105 and v.
15
Let r(n) = n**3 - 3*n**2 - 9*n - 40. Let o be r(6). Calculate the greatest common divisor of o and 122.
2
Let z(y) = 3*y**2 - 102*y + 676. Let p be z(7). What is the greatest common divisor of p and 436?
109
Let s(d) = d**3 - 16*d**2 - 49*d - 137. Let g be s(19). What is the greatest common divisor of 565 and g?
5
Let y be (88/(-55))/(2/5) - -1. Let i(d) = -d**3 + 3*d**2 - d + 1. Let t be i(y). Calculate the highest common divisor of 29 and t.
29
Let o be 646/(-119)*7/(-1). Calculate the highest common factor of 13699 and o.
19
Let l be (-8)/3*(-7 - 119/(-14)). Let v be 3/3 - (-478 + l/2). Suppose -40 = 7*z - v. Calculate the highest common factor of 21 and z.
21
Let x be (192/(-10))/(4/15*9/(-16)). Calculate the highest common divisor of 1360 and x.
16
Let w be ((-3 - 7) + 21)*871. Calculate the greatest common factor of 143 and w.
143
Let m(d) = -92*d**2 + 1322*d + 5. Let v be m(14). Calculate the highest common divisor of 851 and v.
37
Let v = 31 + -27. Suppose -3*u + 76 = -2*w, v*u + 5*w = 2*w + 90. Let r = 735 - 729. 